- 63. Let q(h) = -h**2 - 5*h + 2. What is the remainder when f is divided by q(-3)?
5
Let q(c) = c**2 + 3*c + 54. Calculate the remainder when q(0) is divided by (-1000)/(-36) - (-4)/18.
26
Let s(k) = 2*k - 6. Let i be s(10). Suppose -2*t + 83 - 29 = -3*x, 2*x + 8 = 0. Let w = i + t. What is the remainder when w is divided by 12?
11
Suppose 45 = 5*h + 4*h. Calculate the remainder when 18 is divided by h.
3
Suppose -10*g + 228 = -6*g. What is the remainder when g is divided by 30?
27
Let m = -3 + 2. Let u(c) = -c**2 - c + 1. Let l(j) = 7*j**2 - 7*j + 6. Let i(s) = l(s) - 6*u(s). What is the remainder when i(m) is divided by 5?
4
Suppose 41 - 13 = 7*d. Suppose 2*q - u = 26, 0*u = q - 5*u - 4. Let t = -3 + q. Calculate the remainder when t is divided by d.
3
Let h(n) = -n**2 - n + 3. Let x be h(0). Let b = 0 + x. What is the remainder when b is divided by 3?
0
Let k(c) = -24*c**3 + 2*c**2 + c. Suppose 5*m = -2*y + 157, -4*m = -2*y + 7*y - 129. Let a = -22 + m. Calculate the remainder when k(-1) is divided by a.
7
Let t(i) = 2*i**2 + 2*i - 2. What is the remainder when 64 is divided by t(-4)?
20
Let c = -93 + 131. Calculate the remainder when c is divided by 13.
12
Let j(v) = 2*v**2 - 3*v. Let r be j(2). Let y = r - -9. What is the remainder when 9/(-2)*14/(-3) is divided by y?
10
Let y = 130 + -109. What is the remainder when 39 is divided by y?
18
Suppose 2*u = -3*u - 10. Calculate the remainder when u/8 - 132/(-16) is divided by 3.
2
Let r = 116 + -91. What is the remainder when r is divided by 15?
10
Let o(b) be the second derivative of -b**3/3 + 2*b**2 + 4*b. What is the remainder when o(-3) is divided by 4?
2
Let d = -421 + 593. Let f = d + -122. What is the remainder when f is divided by 17?
16
Let d(v) = -v - 3. Let w(x) = -1. Let r(n) = -d(n) - 4*w(n). Calculate the remainder when r(7) is divided by 8.
6
Suppose -5*p = 3*k - 4 - 43, 5*k - p - 69 = 0. Let x = 1 - 1. Suppose x*v + 2*v = 10. What is the remainder when k is divided by v?
4
Let z = 258 + -158. Suppose -3*p + z = -p. What is the remainder when p is divided by 13?
11
What is the remainder when 8 is divided by -2 + (13 - 2) + -4?
3
Let w = 3 + -2. Let l(r) be the second derivative of 7*r**3/6 - r**2/2 + r. Calculate the remainder when l(w) is divided by 4.
2
Calculate the remainder when ((-258)/(-8))/(-12*5/(-320)) is divided by 22.
18
Suppose -4*g + 22 = -3*g + f, 3*g - 81 = 2*f. What is the remainder when g is divided by 9?
7
Suppose -12 + 42 = 3*n. Calculate the remainder when n is divided by 4.
2
Let g = -8 + 18. Calculate the remainder when g is divided by 4.
2
Let z(l) = 163*l - 1. What is the remainder when z(1) is divided by 41?
39
Calculate the remainder when 76 is divided by 24/(5/10 - -1).
12
Let f(g) = -147*g**2 - 1. Let i be f(1). Let o(z) = z**2 + 2*z + 2. Calculate the remainder when o(-5) is divided by (-2)/8 - i/16.
8
Suppose 4*v = -2*x + 4, 7*x - 2*x - 22 = 2*v. Suppose 4*a + 71 = 5*s, -5*a = -0*s - 5*s + 70. Calculate the remainder when s is divided by x.
3
Let y(l) = l**2 - 14*l - 2. Let f = 19 + -4. What is the remainder when 37 is divided by y(f)?
11
Suppose y = -y - 4*r + 92, -4*y + 154 = -2*r. Calculate the remainder when y is divided by 7.
5
Let i(w) = 1 + w + w + 1. Calculate the remainder when i(8) is divided by 5.
3
Suppose -6*r = -8*r + 6. Suppose 2*l - 3*i - 23 = 0, 0 = -r*l + 4*i - 8 + 43. Suppose -74 = 3*x - 5*x. What is the remainder when x is divided by l?
11
Suppose k = w + 5, 6*w - 9 = 3*w. Let j = -5 + k. Suppose -32 = -5*q - 7. What is the remainder when q is divided by j?
2
Suppose 0 = 5*y - 3*i + 10, -6 = y - 3*i - 4. Let p = 2 - y. Let q = 98 - 85. What is the remainder when q is divided by p?
1
Suppose 0 = -3*u - u - 48. Let v = -17 - u. Let h = 2 - v. What is the remainder when h is divided by 5?
2
Suppose -l = -3*s - 2*s, 4*l - 18 = 2*s. Calculate the remainder when 18 is divided by l.
3
Let n be 1292/20 + (-2)/(-5). Suppose -5*y = -n - 50. What is the remainder when y is divided by 12?
11
Let p(t) = t**3 - 10*t**2 - 10*t - 2. What is the remainder when p(11) is divided by 4?
1
Suppose 5*u = -1 + 16. Let o(l) = 2*l**2 + 2*l + 4. Calculate the remainder when o(-2) is divided by u.
2
Suppose 8*n = n + 161. What is the remainder when n is divided by 8?
7
Suppose 0 = -0*k + 4*k - 8. Let n = k - -1. Calculate the remainder when 34 is divided by 38/n - (-10)/(-15).
10
Let n(f) = 2*f + 1. Let b be 1/1 - (0 + -4). Suppose 5*y + 4*g - 3*g - 107 = 0, g + 40 = 2*y. What is the remainder when y is divided by n(b)?
10
Let q = -3 + 0. Let c = 4 - -11. Calculate the remainder when (-1)/q + (-344)/(-12) is divided by c.
14
Let t be (-62)/(-3) + 1/3. Calculate the remainder when 34 is divided by ((-18)/7)/(t/(-98)).
10
Let z(q) = -q + 22. Calculate the remainder when z(-16) is divided by 11.
5
Let y(p) = p**3 + 7*p**2 - 11*p - 12. What is the remainder when y(-8) is divided by (4/28)/((-6)/(-210))?
2
Suppose 5*t - 106 = 29. What is the remainder when t is divided by 10 - ((-6)/2 + -1)?
13
Let c = -61 + 92. Let d = 56 - c. Calculate the remainder when d is divided by 9.
7
Let u = -8 - -23. Let s(a) = a**2 - 3*a + 7. Let k be s(9). Suppose k = 2*p + 3. What is the remainder when p is divided by u?
14
Let g = 24 - 36. Let s be 1*3*(-4)/g. Let b = s + 12. What is the remainder when b is divided by 7?
6
Suppose -2*n + 19 = -n. Suppose -v - 20 = -2*u + 4*v, 5*v = -20. Suppose -4*d - n + 207 = u. Calculate the remainder when d is divided by 16.
15
Suppose 19 = u - 3*m, -5*u + 0*u = -4*m - 73. What is the remainder when 47 is divided by u?
8
Suppose -4*w + 6 = 3*i - w, -4*w - 48 = -4*i. What is the remainder when 13 is divided by i?
6
Suppose 55 = 2*v - 5*d, 3*v + 0*v - 54 = -2*d. Suppose -4*p + 124 = -2*o, 0 = 3*o + 18 - 6. What is the remainder when p is divided by 15/2*v/15?
9
Let x(i) = 32*i**3 - 2*i**2 + i. What is the remainder when x(1) is divided by 16?
15
Let y be ((-2)/2)/((-2)/2). What is the remainder when 28 is divided by (-21)/(-2) - y/2?
8
Suppose -2*w + 6 = -0*w, -3*d = -w - 21. What is the remainder when 39 is divided by d?
7
Let o = 55 + -48. Let s = 5 + -2. Suppose s*n - o = 2*n. What is the remainder when 13 is divided by n?
6
Suppose 5*n = 5*y - 40, 2 = n - 3*n. Let m(i) = -i**3 + 2*i**2 + 3*i + 4. What is the remainder when y is divided by m(3)?
3
Let y(f) = -7*f - 24. Let q(v) = -11*v**3 - 2*v**2 + 1. Calculate the remainder when y(-6) is divided by q(-1).
8
Suppose 0 = 5*m - 5, 4*m - 3*m = 3*u - 338. What is the remainder when u is divided by 40?
33
Suppose -4*u = -3*s + 5*s, -5*u - 36 = -2*s. Let x(l) = -3*l. Calculate the remainder when x(-5) is divided by s.
7
Let k(t) = -t**2 - 4*t - 3. Let u be k(-2). Calculate the remainder when 3 - (-31)/(u - 0) is divided by 9.
7
Suppose 2*n + 2*c = -40, -4*n - c = 87 - 19. What is the remainder when 20 is divided by -2 + 1 - n/2?
6
Let r = 16 - 28. Calculate the remainder when (-3)/(r/316)*1 is divided by 27.
25
Let g be (-3)/(-1)*(-3)/(-9). Let x = g - -1. Suppose 0 = -4*y - 12, -x*l - 3*l + 100 = -5*y. Calculate the remainder when 32 is divided by l.
15
Let y = -10 + 21. What is the remainder when (-1 + 3)/((-1)/(-10)) is divided by y?
9
Suppose -7*p + 6*p + 149 = 5*o, 5*o = 5*p + 125. Calculate the remainder when 86 is divided by o.
28
Suppose 3*w = -4*j + 13, -5*w + 1 = -j + 33. Calculate the remainder when 40 is divided by j.
5
Suppose 2*d + 3 = 3*d. Let y = 5 - -4. Let f = y + 1. What is the remainder when f is divided by d?
1
Let i(y) = -y**3 - 5*y**2 + 6*y - 9. Let g be i(-9). Suppose -m = 2*m + g. Calculate the remainder when 17 is divided by (-2)/3 - m/9.
8
Suppose b = 6*b - 25. Suppose -3*r = -b*y + 50, -5*y + r + 25 = 3*r. What is the remainder when 13 is divided by y?
6
Calculate the remainder when (-44)/10 + (-20)/(-50) + 183 is divided by 46.
41
Let x = 9 - 7. Suppose -2*u = -4*l + 74, x*u - u = -l + 23. Suppose -j + 0*j = -l. Calculate the remainder when 59 is divided by j.
19
What is the remainder when 0/(-1) + 238/7 is divided by 12?
10
Suppose 0 = 5*a + 3*j + j + 170, 4*j - 40 = 2*a. Let k be (-65)/a - (-2)/(-12). Suppose -4 - 8 = -k*c. Calculate the remainder when 16 is divided by c.
4
Let u = 23 - 24. What is the remainder when (u - -4) + (-2948)/(-22) is divided by 35?